 -0*f + 4*f - 60. Suppose 2*b = 5*h - f - 245, 2*h - 4*b = 104. Calculate the highest common divisor of 26 and h.
26
Let l = -10 + 12. Suppose -o - l*o + 6 = 0. What is the greatest common factor of o and 3?
1
Let g = 214 + -95. Let t be (17/3)/((-2)/(-6)). What is the highest common divisor of t and g?
17
Let g be (-3)/(23/(-20) - (-8)/20). What is the greatest common divisor of g and 20?
4
Suppose 6*a - 95 = -5*c + a, 3*a = 12. Calculate the greatest common divisor of c and 18.
3
Suppose 4*v = -3 + 63. What is the greatest common divisor of v and 6?
3
Suppose 4*y + n - 20 = -0, 0 = -y - 2*n - 2. Let x = y + 6. Suppose -5*l + 226 + 82 = 3*a, -a - 5*l + 116 = 0. What is the highest common divisor of x and a?
12
Let m be 2 - (-4 + 7) - -3. Calculate the highest common divisor of m and 3.
1
Let y(u) = -u**3 + 2*u**2 + 2. Let b be y(3). Let a = 11 - b. Calculate the greatest common divisor of 12 and a.
6
Let s = -58 - -85. What is the greatest common divisor of 18 and s?
9
Let s be 72/15 + (-2)/(-10). What is the highest common divisor of s and 45?
5
Let f = 74 + -40. Let j(g) = g + 15. Let k be j(-12). Suppose z + f = k*z. What is the highest common factor of z and 119?
17
Let n = -64 - -119. Calculate the highest common divisor of n and 5.
5
Let i(d) = -d - 8. Let o = -2 - -4. Let m(w) = -w - 9. Let s(t) = o*m(t) - 3*i(t). Let r be s(-5). What is the highest common divisor of 4 and r?
1
Suppose 0*i - 3*i = -174. Suppose 0 = 3*p - 1562 - i. Suppose -p = -7*r + 3*r. Calculate the greatest common divisor of 15 and r.
15
Let m(j) = 5*j - 27. Let v be m(6). What is the highest common factor of 15 and v?
3
Suppose 4*c = 5*n + 108, 0*c - 5*n + 54 = 2*c. Let h = -30 + 25. Let j be 5 - (4 + (h - -3)). Calculate the highest common factor of j and c.
3
Suppose o + 4*l = -0*l + 82, -4*o = 4*l - 328. Let g = o + -45. Let q = 63 - g. What is the highest common divisor of 39 and q?
13
Let y = 0 - -4. Suppose -y*j - j + 60 = 0. Let a(m) = 11*m + 1. Let z be a(1). Calculate the highest common factor of j and z.
12
Let i = -28 + 44. Suppose -4*a - 25 - 7 = 0. Let w = a + i. What is the greatest common divisor of 16 and w?
8
Let d(u) = u**3 + 8*u**2 + 8*u - 9. Let i be d(-7). Let b be (-24)/i*(-16)/(-6). Let f be 2/(-8) - 25/(-4). Calculate the highest common divisor of b and f.
2
Let z be (120/7)/((-1)/(-7)). Calculate the greatest common divisor of 24 and z.
24
Suppose -5*p + 13*p - 1640 = 0. Let v = -4 - -10. Suppose -3*a + 2*c - v = -124, 5*c = -5*a + p. What is the highest common factor of 8 and a?
8
Let c = -92 - 42. Let d = c - -190. What is the greatest common factor of 7 and d?
7
Let h(a) = -a**2 + 24*a - 31. Let w be h(21). Let u = -4 - -7. Suppose 6*b - u*b = 12. Calculate the highest common divisor of w and b.
4
Suppose 0 = -4*f + 7 + 13. Suppose f*p = 2*p + 6. Suppose -j = -3*a - 84 + 316, 2*a + p*j = 152. Calculate the greatest common divisor of 11 and a.
11
Suppose 0 = -5*s + 2*s + 18. Calculate the greatest common factor of s and 9.
3
Let o be (5 - 0)/(1/8). Suppose -5*l + 4*v = -45, -2*l + 0*v + 25 = -3*v. Calculate the highest common factor of o and l.
5
Let c(r) = r**2 + 8*r - 4. Let z be c(-6). Let d = z + 20. Calculate the highest common factor of 4 and d.
4
Let a be -3 + (0 - 2) - -1. Let x be (-3 - -1)*10/a. Let t(g) = g - 2. Let o be t(x). Calculate the greatest common factor of 1 and o.
1
Let g be ((-715)/(-15))/(1/3). Let q(o) = o**3 + 7*o**2 + 7*o - 2. Let m be q(-5). What is the highest common factor of m and g?
13
Suppose -9*n + 12*n = 30. What is the greatest common factor of 10 and n?
10
Let k = 3 + 4. Let s be (k - 5) + 0 + 38. What is the highest common factor of 10 and s?
10
Let i be 2 + -5 + 4 + 25. What is the highest common factor of i and 52?
26
Let o = 12 + -6. Let h = o + -12. Let x(p) = -p + 4. Let i be x(h). Calculate the greatest common divisor of 10 and i.
10
Let q(y) = -y**3 + 10*y**2 + 12*y + 1. Let p be q(11). Suppose 2*f - 38 - 34 = 0. What is the greatest common divisor of p and f?
12
Let x = -5 + -1. Let n = x + 19. Calculate the greatest common divisor of 143 and n.
13
Let p(j) = 53*j**3 - 4*j + 1 + 5*j - j**2 - 2. Let c be p(1). Suppose 4*k = 8*k - c. What is the highest common factor of k and 91?
13
Suppose 18 + 39 = 3*k. Suppose -41 = -2*j + k. Let t = j - 18. Calculate the highest common factor of t and 48.
12
Let x be (-2*6)/(1 + -2). Let h = 112 + -28. What is the highest common factor of x and h?
12
Let p(u) = -u**3 + 4*u**2 + 6*u + 6. Let j be p(6). Let w be (-18)/j + 894/10. Calculate the greatest common divisor of 10 and w.
10
Suppose 5*m = 2*j + 52, 0 = 5*m + 5*j - 26 - 19. Let a = 104 - 74. Let z be a + (1/(-1) - -1). Calculate the highest common divisor of z and m.
10
Let j be (-2 + (-7)/(-5))*-15. Let i = -27 + 45. Calculate the highest common factor of j and i.
9
Let d(r) = -r**3 - 10*r**2 + 10*r + 19. Let u be d(-11). What is the highest common divisor of u and 30?
30
Suppose -2*o = 5*p - 809, -3*o + 0 + 6 = 0. What is the greatest common factor of 23 and p?
23
Let y = -67 + 102. Suppose 5*b = -0*b + y. What is the greatest common factor of b and 63?
7
Suppose -5*g = c - 135, 3*g = -2*c - 0 + 81. What is the greatest common divisor of g and 9?
9
Let l(h) = -h**2 - 7*h - 6. Let j be l(-4). Suppose -s - j = -3*s. Let m = -3 + 4. What is the greatest common factor of s and m?
1
Let o(c) = c + 40. Let s be o(-12). What is the highest common factor of s and 7?
7
Let r = 1 + 15. Let p = -8 - -2. Let d(t) = t**2 + 3*t + 6. Let z be d(p). What is the greatest common divisor of z and r?
8
Let x(f) = 2*f - 5. Let v be x(6). Calculate the highest common divisor of 49 and v.
7
Let b = -5 + 6. Suppose -4*c + 699 = -0*c + 5*u, -u - b = 0. What is the highest common divisor of c and 22?
22
Let a be (19 + 2)/(3/2). Let o be a - (0 - (3 - 5)). Suppose 3*s + 3*t - 39 = 0, 0 = s + 3*t - 3 - o. What is the greatest common divisor of s and 18?
6
Suppose 216 = 5*v - 124. What is the greatest common divisor of v and 4?
4
Let c(b) = b**3 + 4*b**2 - 4*b + 10. Let m be c(-5). Calculate the greatest common divisor of m and 25.
5
Let z = 68 + -52. What is the greatest common factor of 12 and z?
4
Suppose 5*f + 558 = -197. Let q = -76 - f. What is the highest common divisor of 30 and q?
15
Suppose 0 = -9*f + 4*f - 220. Let r be 8/44 - 520/f. Calculate the greatest common divisor of r and 132.
12
Suppose -21 - 7 = -y. Suppose 5*l - 3*l = 72. Let f = l + y. What is the greatest common divisor of 8 and f?
8
Let n = -8 - -7. Let g be 7*9 - (n + 1). Let v = 22 - 15. Calculate the greatest common divisor of g and v.
7
Let n = 1 + -1. Suppose n = -3*g - u + 19, -4*g = -4*u - 8 - 44. What is the greatest common factor of g and 40?
8
Let k be (-2)/7 + (-600)/(-42). Let f = 8 + 27. Calculate the highest common factor of f and k.
7
Let z = 30 + -28. What is the highest common factor of z and 3?
1
Let g = 32 - -2. Suppose -c - 3*c = -3*r - 2, -4*r + g = 2*c. What is the highest common factor of 18 and r?
6
Suppose -4*x - 3 = -x + 3*o, 4*o = -20. Suppose -g = -x*d - 6, 3 + 12 = 5*g - 5*d. Suppose -2*f + 10 = -g. Calculate the greatest common factor of 2 and f.
2
Let u be -9*(-2 + (-14)/3). Suppose -10 = -2*n + n + 4*q, -5*n - 5*q = 0. Let j(t) = 10*t. Let b be j(n). What is the greatest common factor of u and b?
20
Suppose -2*g + 7 = -13. Let o(x) = -14*x - 1. Let k be o(-3). Let v = k - -9. Calculate the highest common divisor of v and g.
10
Let j(i) = -i. Let m be j(-2). Suppose -m*d = -5*d + 1080. Suppose 4*z - d = 2*z. What is the greatest common factor of 20 and z?
20
Suppose 6*i - 158 = 10. Calculate the greatest common divisor of i and 7.
7
Let w(i) = -i**3 - 10*i**2 - 11*i - 5. Let u be w(-9). Calculate the highest common divisor of u and 117.
13
Let u(j) = 5*j**2 + 3*j - 8. Let s be u(-6). Suppose s = 5*c - 71. Let o be 0/(-7) + 18/1. Calculate the highest common factor of c and o.
9
Suppose 4*x = 6 + 2. Suppose -x*o - 46 = -0*a - 3*a, 31 = 3*a + o. Calculate the greatest common divisor of 108 and a.
12
Suppose -5*j = -25 + 10. Suppose -3*n + 3 = -v + 17, -n = j*v - 2. Suppose 3*l - 13 = -x, v*x + 18 = -l + 6*l. Calculate the greatest common factor of x and 1.
1
Let j(g) = 12*g**2 + 2*g - 2. Let i be j(-2). Let b = -5 + 11. 